{"id":311,"date":"2022-11-12T15:30:21","date_gmt":"2022-11-12T15:30:21","guid":{"rendered":"https:\/\/rkardes.de\/?page_id=311"},"modified":"2023-11-28T11:58:14","modified_gmt":"2023-11-28T11:58:14","slug":"311-2","status":"publish","type":"page","link":"https:\/\/rkardes.de\/?page_id=311","title":{"rendered":"Impressum"},"content":{"rendered":"<h2>Angaben gem\u00e4\u00df \u00a7 5 TMG<\/h2>\n<p>Ralf Kardes<br \/>\nfreischaffender K\u00fcnstler<br \/>\nHedwig-Wachenheim-Karree 106<br \/>\n51107 K\u00f6ln<\/p>\n<h2>Kontakt<\/h2>\n<p>Telefon: +49 (0) 221 16998599<br \/>\nE-Mail: ralf.kardes@kardes.de<\/p>\n<h2>Umsatzsteuer-ID<\/h2>\n<p>Umsatzsteuer-Identifikationsnummer gem\u00e4\u00df \u00a7 27 a Umsatzsteuergesetz:<br \/>\nDE813771052<\/p>\n<h2>Angaben zur Berufs\u00adhaftpflicht\u00adversicherung<\/h2>\n<p><strong>Name und Sitz des Versicherers:<\/strong><br \/>\nbaloise Versicherungs-AG<br \/>\nBasler Str. 4<br \/>\n61345 Bad Homburg<\/p>\n<p>Versicherungen Nr.: 401247-30287220<br \/>\nPersonensch\u00e4den:&nbsp; &nbsp; 2.000.000,00 Euro<br \/>\nSachsch\u00e4den:&nbsp; &nbsp; &nbsp; &nbsp; &nbsp; &nbsp; &nbsp;1.000.000,00 Euro<br \/>\nVerm\u00f6genssch\u00e4den:&nbsp; &nbsp; &nbsp;100.000,00 Euro<br \/>\nInternethaftpflicht:&nbsp; &nbsp;1.000.000,00 Euro<\/p>\n<p><strong>Geltungsraum der Versicherung:<\/strong><br \/>\nVersicherungsschutz besteht in europ\u00e4ischen Staaten, soweit dieser nach dem Recht europ\u00e4ischer Staaten geltend gemacht wird.<\/p>\n<h2>VG Bild-Kunst<\/h2>\n<p>Urheber Nummer: 1862278<\/p>\n<h2>Redaktionell verantwortlich<\/h2>\n<p>Ralf Kardes<br \/>\nHedwig-Wachenheim-Karree 106<br \/>\n51107 K\u00f6ln<\/p>\n<h2>EU-Streitschlichtung<\/h2>\n<p>Die Europ\u00e4ische Kommission stellt eine Plattform zur Online-Streitbeilegung (OS) bereit: <a href=\"https:\/\/ec.europa.eu\/consumers\/odr\/\" target=\"_blank\" rel=\"noopener noreferrer\">https:\/\/ec.europa.eu\/consumers\/odr\/<\/a>.<br \/>\nMeine E-Mail-Adresse finden Sie oben im Impressum.<\/p>\n<h2>Verbraucher\u00adstreit\u00adbeilegung\/Universal\u00adschlichtungs\u00adstelle<\/h2>\n<p>Ich bin nicht bereit oder verpflichtet, an Streitbeilegungsverfahren vor einer Verbraucherschlichtungsstelle teilzunehmen.<\/p>\n<h2>Haftungsausschluss<\/h2>\n<p>Trotz sorgf\u00e4ltiger Pr\u00fcfung kann ich keine Haftung f\u00fcr die Inhalte externer Links \u00fcbernehmen.<br \/>\nF\u00fcr den Inhalt diese Seiten sind ausschlie\u00dflich deren Betreiber verantwortlich.<\/p>\n<h2><a href=\"https:\/\/rkardes.de\/?page_id=283\">Datenschutz<\/a><\/h2>\n","protected":false},"excerpt":{"rendered":"<p>Angaben gem\u00e4\u00df \u00a7 5 TMG Ralf Kardes freischaffender K\u00fcnstler Hedwig-Wachenheim-Karree 106 51107 K\u00f6ln Kontakt Telefon: +49 (0) 221 16998599 E-Mail: ralf.kardes@kardes.de Umsatzsteuer-ID Umsatzsteuer-Identifikationsnummer gem\u00e4\u00df \u00a7 27 a Umsatzsteuergesetz: DE813771052 Angaben [&hellip;]<\/p>\n","protected":false},"author":1,"featured_media":0,"parent":0,"menu_order":0,"comment_status":"closed","ping_status":"closed","template":"","meta":{"ngg_post_thumbnail":0},"_links":{"self":[{"href":"https:\/\/rkardes.de\/index.php?rest_route=\/wp\/v2\/pages\/311"}],"collection":[{"href":"https:\/\/rkardes.de\/index.php?rest_route=\/wp\/v2\/pages"}],"about":[{"href":"https:\/\/rkardes.de\/index.php?rest_route=\/wp\/v2\/types\/page"}],"author":[{"embeddable":true,"href":"https:\/\/rkardes.de\/index.php?rest_route=\/wp\/v2\/users\/1"}],"replies":[{"embeddable":true,"href":"https:\/\/rkardes.de\/index.php?rest_route=%2Fwp%2Fv2%2Fcomments&post=311"}],"version-history":[{"count":9,"href":"https:\/\/rkardes.de\/index.php?rest_route=\/wp\/v2\/pages\/311\/revisions"}],"predecessor-version":[{"id":1260,"href":"https:\/\/rkardes.de\/index.php?rest_route=\/wp\/v2\/pages\/311\/revisions\/1260"}],"wp:attachment":[{"href":"https:\/\/rkardes.de\/index.php?rest_route=%2Fwp%2Fv2%2Fmedia&parent=311"}],"curies":[{"name":"wp","href":"https:\/\/api.w.org\/{rel}","templated":true}]}}